{"id":7133,"date":"2023-09-04T15:58:25","date_gmt":"2023-09-04T13:58:25","guid":{"rendered":"http:\/\/www.plongee-gesma.com\/site\/?page_id=7133"},"modified":"2023-10-31T22:53:55","modified_gmt":"2023-10-31T21:53:55","slug":"60-ans-du-club","status":"publish","type":"page","link":"http:\/\/www.plongee-gesma.com\/site\/la-vie-du-club\/60-ans-du-club\/","title":{"rendered":"60 ans du club"},"content":{"rendered":"\t\t<div data-elementor-type=\"wp-page\" data-elementor-id=\"7133\" class=\"elementor elementor-7133\" data-elementor-post-type=\"page\">\n\t\t\t\t\t\t<section class=\"elementor-section elementor-top-section elementor-element elementor-element-0e759b2 elementor-section-boxed elementor-section-height-default elementor-section-height-default\" data-id=\"0e759b2\" data-element_type=\"section\" data-e-type=\"section\">\n\t\t\t\t\t\t<div class=\"elementor-container elementor-column-gap-default\">\n\t\t\t\t\t<div class=\"elementor-column elementor-col-100 elementor-top-column elementor-element elementor-element-f25e692\" data-id=\"f25e692\" data-element_type=\"column\" data-e-type=\"column\">\n\t\t\t<div class=\"elementor-widget-wrap elementor-element-populated\">\n\t\t\t\t\t\t<div class=\"elementor-element elementor-element-7b12da6 elementor-widget elementor-widget-heading\" data-id=\"7b12da6\" data-element_type=\"widget\" data-e-type=\"widget\" data-widget_type=\"heading.default\">\n\t\t\t\t<div class=\"elementor-widget-container\">\n\t\t\t\t\t<h2 class=\"elementor-heading-title elementor-size-default\">Le GESMA f\u00eate ses 60 ans<\/h2>\t\t\t\t<\/div>\n\t\t\t\t<\/div>\n\t\t\t\t<div class=\"elementor-element elementor-element-eff8e26 elementor-widget elementor-widget-text-editor\" data-id=\"eff8e26\" data-element_type=\"widget\" data-e-type=\"widget\" data-widget_type=\"text-editor.default\">\n\t\t\t\t<div class=\"elementor-widget-container\">\n\t\t\t\t\t\t\t\t\t<p><strong><span style=\"font-size: 24pt; color: #ff6600;\">Inscriptions et paiement\u00a0 avant le 4 novembre imp\u00e9rativement.<\/span><\/strong><\/p><p><span style=\"color: #000000; font-size: 14pt;\">Le GESMA f\u00eate son soixanti\u00e8me anniversaire le <strong>samedi 25 novembre 2023<\/strong> \u00e0 la<strong> salle des f\u00eates de la mairie du Gond Pontouvre \u00e0 18h30.<\/strong><\/span><\/p><p><span style=\"color: #000000; font-size: 14pt;\"><strong>\u00a0<\/strong><\/span><\/p><p><span style=\"color: #000000; font-size: 14pt;\">La soir\u00e9e d\u00e9butera par une <strong>exposition de photos<\/strong> r\u00e9trospectives de la vie de notre club et illustrant ses diff\u00e9rentes activit\u00e9s. Nous devrions avoir droit \u00e9galement \u00e0 quelques <strong>vid\u00e9os <\/strong>pendant la premi\u00e8re partie ap\u00e9ritive.<\/span><\/p><p>\u00a0<\/p><p><span style=\"color: #000000; font-size: 14pt;\">Nous d\u00e9marrerons donc avec <strong>un cocktail ap\u00e9ritif<\/strong> local (ou jus de fruit, ou bi\u00e8re pression ou eau) qui vous sera servi avec un sympathique <strong>buffet amuse-bouche<\/strong><\/span><\/p><p><span style=\"color: #000000; font-size: 14pt;\"><strong> <img fetchpriority=\"high\" decoding=\"async\" class=\"alignnone size-full wp-image-7553\" src=\"http:\/\/www.plongee-gesma.com\/site\/wp-content\/uploads\/2023\/10\/cocktail_apero.png\" alt=\"\" width=\"938\" height=\"720\" srcset=\"http:\/\/www.plongee-gesma.com\/site\/wp-content\/uploads\/2023\/10\/cocktail_apero.png 938w, http:\/\/www.plongee-gesma.com\/site\/wp-content\/uploads\/2023\/10\/cocktail_apero-300x230.png 300w, http:\/\/www.plongee-gesma.com\/site\/wp-content\/uploads\/2023\/10\/cocktail_apero-768x590.png 768w\" sizes=\"(max-width: 938px) 100vw, 938px\" \/><\/strong><\/span><\/p><p><span style=\"color: #000000; font-size: 14pt;\">\u00a0\u00a0\u00a0\u00a0\u00a0\u00a0\u00a0\u00a0\u00a0\u00a0\u00a0 \u00a0\u00a0\u00a0\u00a0\u00a0\u00a0\u00a0\u00a0\u00a0\u00a0\u00a0 Nous poursuivrons ensuite avec un <strong>repas chaud servi \u00e0 table.<br \/><img decoding=\"async\" class=\"alignnone size-full wp-image-7554\" src=\"http:\/\/www.plongee-gesma.com\/site\/wp-content\/uploads\/2023\/10\/detail.png\" alt=\"\" width=\"1035\" height=\"701\" \/><br \/><\/strong><\/span><\/p><p><span style=\"color: #000000; font-size: 14pt;\"><strong> <img decoding=\"async\" class=\"alignnone size-full wp-image-7555\" src=\"http:\/\/www.plongee-gesma.com\/site\/wp-content\/uploads\/2023\/10\/detail2.png\" alt=\"\" width=\"1013\" height=\"586\" srcset=\"http:\/\/www.plongee-gesma.com\/site\/wp-content\/uploads\/2023\/10\/detail2.png 1013w, http:\/\/www.plongee-gesma.com\/site\/wp-content\/uploads\/2023\/10\/detail2-300x174.png 300w, http:\/\/www.plongee-gesma.com\/site\/wp-content\/uploads\/2023\/10\/detail2-768x444.png 768w\" sizes=\"(max-width: 1013px) 100vw, 1013px\" \/><\/strong><\/span><\/p><p>\u00a0<\/p><p>\u00a0<\/p><p><span style=\"color: #000000; font-size: 14pt;\">Les <strong>vins blanc et rouge seront offerts par le GESMA ainsi que le cr\u00e9mant brut<\/strong> avec une bouteille pour 6 personnes. Si besoin vous pourrez vous en procurer ensuite \u00e0 raison de 10\u20ac la bouteille de cr\u00e9mant et 5\u20ac la bouteille de vin.<\/span><\/p><p><span style=\"color: #000000; font-size: 14pt;\">\u00a0\u00a0\u00a0\u00a0\u00a0\u00a0\u00a0\u00a0\u00a0\u00a0\u00a0 Durant toute la soir\u00e9e, la <strong>bi\u00e8re pression sera offerte<\/strong>.<\/span><\/p><p><span style=\"color: #000000; font-size: 14pt;\">\u00a0\u00a0\u00a0\u00a0\u00a0\u00a0\u00a0\u00a0\u00a0\u00a0\u00a0 Pendant le repas le tirage de la <strong>tombola<\/strong> aura lieu avec de <strong>nombreux lots dont un ordinateur de plong\u00e9e<\/strong>, <strong>un s\u00e9jour d\u2019une semaine pour deux personnes au Pays Basque, des posters photos sous-marines<\/strong>, des masques, \u00a0palmes, etc &#8230; Vous pourrez prendre les tickets \u00e0 l\u2019entr\u00e9e de la salle des f\u00eates.<\/span><\/p><p>\u00a0<\/p><p><span style=\"color: #000000; font-size: 14pt;\">\u00a0\u00a0\u00a0\u00a0\u00a0\u00a0\u00a0\u00a0\u00a0\u00a0\u00a0 Et cette belle <strong>soir\u00e9e sera anim\u00e9e musicalement jusqu\u2019\u00e0 l\u2019aube<\/strong> par <strong>la c\u00e9l\u00e8bre DJ\u00a0: La Sardine aux Platines<\/strong>.<\/span><\/p><p><span style=\"font-size: 14pt;\"><img loading=\"lazy\" decoding=\"async\" class=\"alignnone size-medium wp-image-7561\" src=\"http:\/\/www.plongee-gesma.com\/site\/wp-content\/uploads\/2023\/10\/logo_sardine-1-300x241.png\" alt=\"\" width=\"300\" height=\"241\" srcset=\"http:\/\/www.plongee-gesma.com\/site\/wp-content\/uploads\/2023\/10\/logo_sardine-1-300x241.png 300w, http:\/\/www.plongee-gesma.com\/site\/wp-content\/uploads\/2023\/10\/logo_sardine-1.png 747w\" sizes=\"(max-width: 300px) 100vw, 300px\" \/><\/span><\/p><p>\u00a0<\/p><p><span style=\"color: #000000; font-size: 14pt;\">Nous vous attendons nombreux pour c\u00e9l\u00e9brer cet \u00e2ge de raison de notre club pr\u00e9f\u00e9r\u00e9.<\/span><\/p><p><span style=\"color: #000000; font-size: 18pt;\">\u00a0<\/span><\/p>\t\t\t\t\t\t\t\t<\/div>\n\t\t\t\t<\/div>\n\t\t\t\t\t<\/div>\n\t\t<\/div>\n\t\t\t\t\t<\/div>\n\t\t<\/section>\n\t\t\t\t<section class=\"elementor-section elementor-top-section elementor-element elementor-element-3d66a0e elementor-section-boxed elementor-section-height-default elementor-section-height-default\" data-id=\"3d66a0e\" data-element_type=\"section\" data-e-type=\"section\">\n\t\t\t\t\t\t<div class=\"elementor-container elementor-column-gap-default\">\n\t\t\t\t\t<div class=\"elementor-column elementor-col-100 elementor-top-column elementor-element elementor-element-236a2cf\" data-id=\"236a2cf\" data-element_type=\"column\" data-e-type=\"column\">\n\t\t\t<div class=\"elementor-widget-wrap\">\n\t\t\t\t\t\t\t<\/div>\n\t\t<\/div>\n\t\t\t\t\t<\/div>\n\t\t<\/section>\n\t\t\t\t<section class=\"elementor-section elementor-top-section elementor-element elementor-element-426fddc elementor-section-boxed elementor-section-height-default elementor-section-height-default\" data-id=\"426fddc\" data-element_type=\"section\" data-e-type=\"section\">\n\t\t\t\t\t\t<div class=\"elementor-container elementor-column-gap-default\">\n\t\t\t\t\t<div class=\"elementor-column elementor-col-100 elementor-top-column elementor-element elementor-element-ed741a3\" data-id=\"ed741a3\" data-element_type=\"column\" data-e-type=\"column\">\n\t\t\t<div class=\"elementor-widget-wrap elementor-element-populated\">\n\t\t\t\t\t\t<div class=\"elementor-element elementor-element-1f9c1a3 elementor-widget elementor-widget-heading\" data-id=\"1f9c1a3\" data-element_type=\"widget\" data-e-type=\"widget\" data-widget_type=\"heading.default\">\n\t\t\t\t<div class=\"elementor-widget-container\">\n\t\t\t\t\t<h1 class=\"elementor-heading-title elementor-size-default\">Inscription repas<\/h1>\t\t\t\t<\/div>\n\t\t\t\t<\/div>\n\t\t\t\t\t<\/div>\n\t\t<\/div>\n\t\t\t\t\t<\/div>\n\t\t<\/section>\n\t\t\t\t<section class=\"elementor-section elementor-top-section elementor-element elementor-element-b757eb5 elementor-section-boxed elementor-section-height-default elementor-section-height-default\" data-id=\"b757eb5\" data-element_type=\"section\" data-e-type=\"section\">\n\t\t\t\t\t\t<div class=\"elementor-container elementor-column-gap-default\">\n\t\t\t\t\t<div class=\"elementor-column elementor-col-50 elementor-top-column elementor-element elementor-element-3d2d034\" data-id=\"3d2d034\" data-element_type=\"column\" data-e-type=\"column\">\n\t\t\t<div class=\"elementor-widget-wrap elementor-element-populated\">\n\t\t\t\t\t\t<div class=\"elementor-element elementor-element-ba2e28c elementor-widget elementor-widget-heading\" data-id=\"ba2e28c\" data-element_type=\"widget\" data-e-type=\"widget\" data-widget_type=\"heading.default\">\n\t\t\t\t<div class=\"elementor-widget-container\">\n\t\t\t\t\t<h2 class=\"elementor-heading-title elementor-size-default\">Inscription num\u00e9rique : Paiement en ligne...c'est plus simple pour le GESMA !<\/h2>\t\t\t\t<\/div>\n\t\t\t\t<\/div>\n\t\t\t\t<div class=\"elementor-element elementor-element-d739166 elementor-widget elementor-widget-text-editor\" data-id=\"d739166\" data-element_type=\"widget\" data-e-type=\"widget\" data-widget_type=\"text-editor.default\">\n\t\t\t\t<div class=\"elementor-widget-container\">\n\t\t\t\t\t\t\t\t\t<p><span style=\"color: #ff6600;\">L&rsquo;inscription et paiement en ligne se fait sur la plateforme HelloAsso.<\/span><br \/><span style=\"color: #ff6600;\">Cette plateforme ne vit qu&rsquo;avec les dons des personnes lorsque celles-ci font le paiement en ligne.<\/span><br \/><span style=\"color: #ff6600;\">Vous pouvez refuser de faire un don si vous le souhaitez :<\/span><br \/><img loading=\"lazy\" decoding=\"async\" class=\"alignnone wp-image-7323 size-full\" src=\"http:\/\/www.plongee-gesma.com\/site\/wp-content\/uploads\/2023\/09\/Selection_008.png\" alt=\"\" width=\"922\" height=\"425\" srcset=\"http:\/\/www.plongee-gesma.com\/site\/wp-content\/uploads\/2023\/09\/Selection_008.png 922w, http:\/\/www.plongee-gesma.com\/site\/wp-content\/uploads\/2023\/09\/Selection_008-300x138.png 300w, http:\/\/www.plongee-gesma.com\/site\/wp-content\/uploads\/2023\/09\/Selection_008-768x354.png 768w\" sizes=\"(max-width: 922px) 100vw, 922px\" \/><\/p><p><img loading=\"lazy\" decoding=\"async\" class=\"aligncenter wp-image-7324 size-full\" src=\"http:\/\/www.plongee-gesma.com\/site\/wp-content\/uploads\/2023\/09\/Selection_011.png\" alt=\"\" width=\"579\" height=\"343\" srcset=\"http:\/\/www.plongee-gesma.com\/site\/wp-content\/uploads\/2023\/09\/Selection_011.png 579w, http:\/\/www.plongee-gesma.com\/site\/wp-content\/uploads\/2023\/09\/Selection_011-300x178.png 300w\" sizes=\"(max-width: 579px) 100vw, 579px\" \/><\/p><p><img loading=\"lazy\" decoding=\"async\" class=\"alignnone wp-image-7325 size-full\" src=\"http:\/\/www.plongee-gesma.com\/site\/wp-content\/uploads\/2023\/09\/Selection_010.png\" alt=\"\" width=\"583\" height=\"349\" srcset=\"http:\/\/www.plongee-gesma.com\/site\/wp-content\/uploads\/2023\/09\/Selection_010.png 583w, http:\/\/www.plongee-gesma.com\/site\/wp-content\/uploads\/2023\/09\/Selection_010-300x180.png 300w\" sizes=\"(max-width: 583px) 100vw, 583px\" \/><\/p>\t\t\t\t\t\t\t\t<\/div>\n\t\t\t\t<\/div>\n\t\t\t\t\t<\/div>\n\t\t<\/div>\n\t\t\t\t<div class=\"elementor-column elementor-col-50 elementor-top-column elementor-element elementor-element-ae47362\" data-id=\"ae47362\" data-element_type=\"column\" data-e-type=\"column\">\n\t\t\t<div class=\"elementor-widget-wrap elementor-element-populated\">\n\t\t\t\t\t\t<div class=\"elementor-element elementor-element-eb7f185 elementor-widget elementor-widget-text-editor\" data-id=\"eb7f185\" data-element_type=\"widget\" data-e-type=\"widget\" data-widget_type=\"text-editor.default\">\n\t\t\t\t<div class=\"elementor-widget-container\">\n\t\t\t\t\t\t\t\t\t<p><span style=\"color: #000000; font-size: 14pt;\">Cliquez sur l&rsquo;image ci-dessous pour acc\u00e9der \u00e0 l&rsquo;inscription\/paiement en ligne.<\/span><\/p>\t\t\t\t\t\t\t\t<\/div>\n\t\t\t\t<\/div>\n\t\t\t\t<div class=\"elementor-element elementor-element-08ea550 elementor-widget elementor-widget-text-editor\" data-id=\"08ea550\" data-element_type=\"widget\" data-e-type=\"widget\" data-widget_type=\"text-editor.default\">\n\t\t\t\t<div class=\"elementor-widget-container\">\n\t\t\t\t\t\t\t\t\t<center><iframe id=\"haWidget\" allowtransparency=\"true\" src=\"https:\/\/www.helloasso.com\/associations\/gesma\/evenements\/anniversaire-60-ans\/widget-vignette\" style=\"width: 350px; height: 450px; border: none;\"><\/iframe><\/center>\t\t\t\t\t\t\t\t<\/div>\n\t\t\t\t<\/div>\n\t\t\t\t\t<\/div>\n\t\t<\/div>\n\t\t\t\t\t<\/div>\n\t\t<\/section>\n\t\t\t\t<section class=\"elementor-section elementor-top-section elementor-element elementor-element-d7806dd elementor-section-boxed elementor-section-height-default elementor-section-height-default\" data-id=\"d7806dd\" data-element_type=\"section\" data-e-type=\"section\">\n\t\t\t\t\t\t<div class=\"elementor-container elementor-column-gap-default\">\n\t\t\t\t\t<div class=\"elementor-column elementor-col-100 elementor-top-column elementor-element elementor-element-dec6ada\" data-id=\"dec6ada\" data-element_type=\"column\" data-e-type=\"column\">\n\t\t\t<div class=\"elementor-widget-wrap elementor-element-populated\">\n\t\t\t\t\t\t<div class=\"elementor-element elementor-element-0f2b678 elementor-widget elementor-widget-heading\" data-id=\"0f2b678\" data-element_type=\"widget\" data-e-type=\"widget\" data-widget_type=\"heading.default\">\n\t\t\t\t<div class=\"elementor-widget-container\">\n\t\t\t\t\t<h2 class=\"elementor-heading-title elementor-size-default\">Inscription classique : Paiement par ch\u00e8que<\/h2>\t\t\t\t<\/div>\n\t\t\t\t<\/div>\n\t\t\t\t<div class=\"elementor-element elementor-element-ff8c9a3 elementor-align-center elementor-widget elementor-widget-button\" data-id=\"ff8c9a3\" data-element_type=\"widget\" data-e-type=\"widget\" data-widget_type=\"button.default\">\n\t\t\t\t<div class=\"elementor-widget-container\">\n\t\t\t\t\t\t\t\t\t<div class=\"elementor-button-wrapper\">\n\t\t\t\t\t<a class=\"elementor-button elementor-button-link elementor-size-sm\" href=\"http:\/\/www.plongee-gesma.com\/site\/wp-content\/uploads\/2023\/09\/Invitation_60ans_texte.pdf\" target=\"_blank\">\n\t\t\t\t\t\t<span class=\"elementor-button-content-wrapper\">\n\t\t\t\t\t\t\t\t\t<span class=\"elementor-button-text\">T\u00e9l\u00e9charger le document<\/span>\n\t\t\t\t\t<\/span>\n\t\t\t\t\t<\/a>\n\t\t\t\t<\/div>\n\t\t\t\t\t\t\t\t<\/div>\n\t\t\t\t<\/div>\n\t\t\t\t\t<\/div>\n\t\t<\/div>\n\t\t\t\t\t<\/div>\n\t\t<\/section>\n\t\t\t\t<section class=\"elementor-section elementor-top-section elementor-element elementor-element-30ccc86 elementor-section-boxed elementor-section-height-default elementor-section-height-default\" data-id=\"30ccc86\" data-element_type=\"section\" data-e-type=\"section\">\n\t\t\t\t\t\t<div class=\"elementor-container elementor-column-gap-default\">\n\t\t\t\t\t<div class=\"elementor-column elementor-col-100 elementor-top-column elementor-element elementor-element-3943d6f\" data-id=\"3943d6f\" data-element_type=\"column\" data-e-type=\"column\">\n\t\t\t<div class=\"elementor-widget-wrap elementor-element-populated\">\n\t\t\t\t\t\t<div class=\"elementor-element elementor-element-8eedd80 elementor-share-buttons--align-center elementor-share-buttons--view-icon-text elementor-share-buttons--skin-gradient elementor-share-buttons--shape-square elementor-grid-0 elementor-share-buttons--color-official elementor-widget elementor-widget-share-buttons\" data-id=\"8eedd80\" data-element_type=\"widget\" data-e-type=\"widget\" data-widget_type=\"share-buttons.default\">\n\t\t\t\t<div class=\"elementor-widget-container\">\n\t\t\t\t\t\t\t<div class=\"elementor-grid\">\n\t\t\t\t\t\t\t\t<div class=\"elementor-grid-item\">\n\t\t\t\t\t\t<div class=\"elementor-share-btn elementor-share-btn_facebook\" role=\"button\" tabindex=\"0\" aria-label=\"Partager sur facebook\">\n\t\t\t\t\t\t\t\t\t\t\t\t\t\t\t<span class=\"elementor-share-btn__icon\">\n\t\t\t\t\t\t\t\t<i class=\"fab fa-facebook\" aria-hidden=\"true\"><\/i>\t\t\t\t\t\t\t<\/span>\n\t\t\t\t\t\t\t\t\t\t\t\t\t\t\t\t\t\t\t\t\t\t<div class=\"elementor-share-btn__text\">\n\t\t\t\t\t\t\t\t\t\t\t\t\t\t\t\t\t\t\t<span class=\"elementor-share-btn__title\">\n\t\t\t\t\t\t\t\t\t\tFacebook\t\t\t\t\t\t\t\t\t<\/span>\n\t\t\t\t\t\t\t\t\t\t\t\t\t\t\t\t\t<\/div>\n\t\t\t\t\t\t\t\t\t\t\t\t\t<\/div>\n\t\t\t\t\t<\/div>\n\t\t\t\t\t\t<\/div>\n\t\t\t\t\t\t<\/div>\n\t\t\t\t<\/div>\n\t\t\t\t\t<\/div>\n\t\t<\/div>\n\t\t\t\t\t<\/div>\n\t\t<\/section>\n\t\t\t\t<\/div>\n\t\t","protected":false},"excerpt":{"rendered":"<p>Le GESMA f\u00eate ses 60 ans Inscriptions et paiement\u00a0 avant le 4 novembre imp\u00e9rativement. Le GESMA f\u00eate son soixanti\u00e8me anniversaire le samedi 25 novembre 2023 \u00e0 la salle des f\u00eates de la mairie du Gond Pontouvre \u00e0 18h30. \u00a0 La soir\u00e9e d\u00e9butera par une exposition de photos r\u00e9trospectives de la vie de notre club et [&hellip;]<\/p>\n","protected":false},"author":1,"featured_media":0,"parent":219,"menu_order":0,"comment_status":"closed","ping_status":"closed","template":"","meta":{"ocean_post_layout":"","ocean_both_sidebars_style":"","ocean_both_sidebars_content_width":0,"ocean_both_sidebars_sidebars_width":0,"ocean_sidebar":"0","ocean_second_sidebar":"0","ocean_disable_margins":"enable","ocean_add_body_class":"","ocean_shortcode_before_top_bar":"","ocean_shortcode_after_top_bar":"","ocean_shortcode_before_header":"","ocean_shortcode_after_header":"","ocean_has_shortcode":"","ocean_shortcode_after_title":"","ocean_shortcode_before_footer_widgets":"","ocean_shortcode_after_footer_widgets":"","ocean_shortcode_before_footer_bottom":"","ocean_shortcode_after_footer_bottom":"","ocean_display_top_bar":"default","ocean_display_header":"default","ocean_header_style":"","ocean_center_header_left_menu":"0","ocean_custom_header_template":"0","ocean_custom_logo":0,"ocean_custom_retina_logo":0,"ocean_custom_logo_max_width":0,"ocean_custom_logo_tablet_max_width":0,"ocean_custom_logo_mobile_max_width":0,"ocean_custom_logo_max_height":0,"ocean_custom_logo_tablet_max_height":0,"ocean_custom_logo_mobile_max_height":0,"ocean_header_custom_menu":"0","ocean_menu_typo_font_family":"0","ocean_menu_typo_font_subset":"","ocean_menu_typo_font_size":0,"ocean_menu_typo_font_size_tablet":0,"ocean_menu_typo_font_size_mobile":0,"ocean_menu_typo_font_size_unit":"px","ocean_menu_typo_font_weight":"","ocean_menu_typo_font_weight_tablet":"","ocean_menu_typo_font_weight_mobile":"","ocean_menu_typo_transform":"","ocean_menu_typo_transform_tablet":"","ocean_menu_typo_transform_mobile":"","ocean_menu_typo_line_height":0,"ocean_menu_typo_line_height_tablet":0,"ocean_menu_typo_line_height_mobile":0,"ocean_menu_typo_line_height_unit":"","ocean_menu_typo_spacing":0,"ocean_menu_typo_spacing_tablet":0,"ocean_menu_typo_spacing_mobile":0,"ocean_menu_typo_spacing_unit":"","ocean_menu_link_color":"","ocean_menu_link_color_hover":"","ocean_menu_link_color_active":"","ocean_menu_link_background":"","ocean_menu_link_hover_background":"","ocean_menu_link_active_background":"","ocean_menu_social_links_bg":"","ocean_menu_social_hover_links_bg":"","ocean_menu_social_links_color":"","ocean_menu_social_hover_links_color":"","ocean_disable_title":"default","ocean_disable_heading":"default","ocean_post_title":"","ocean_post_subheading":"","ocean_post_title_style":"","ocean_post_title_background_color":"","ocean_post_title_background":0,"ocean_post_title_bg_image_position":"","ocean_post_title_bg_image_attachment":"","ocean_post_title_bg_image_repeat":"","ocean_post_title_bg_image_size":"","ocean_post_title_height":0,"ocean_post_title_bg_overlay":0.5,"ocean_post_title_bg_overlay_color":"","ocean_disable_breadcrumbs":"default","ocean_breadcrumbs_color":"","ocean_breadcrumbs_separator_color":"","ocean_breadcrumbs_links_color":"","ocean_breadcrumbs_links_hover_color":"","ocean_display_footer_widgets":"default","ocean_display_footer_bottom":"default","ocean_custom_footer_template":"0","jetpack_post_was_ever_published":false,"footnotes":""},"categories":[],"tags":[],"class_list":["post-7133","page","type-page","status-publish","hentry","entry"],"jetpack_shortlink":"https:\/\/wp.me\/PaxHzL-1R3","jetpack_likes_enabled":true,"jetpack_sharing_enabled":true,"_links":{"self":[{"href":"http:\/\/www.plongee-gesma.com\/site\/wp-json\/wp\/v2\/pages\/7133","targetHints":{"allow":["GET"]}}],"collection":[{"href":"http:\/\/www.plongee-gesma.com\/site\/wp-json\/wp\/v2\/pages"}],"about":[{"href":"http:\/\/www.plongee-gesma.com\/site\/wp-json\/wp\/v2\/types\/page"}],"author":[{"embeddable":true,"href":"http:\/\/www.plongee-gesma.com\/site\/wp-json\/wp\/v2\/users\/1"}],"replies":[{"embeddable":true,"href":"http:\/\/www.plongee-gesma.com\/site\/wp-json\/wp\/v2\/comments?post=7133"}],"version-history":[{"count":106,"href":"http:\/\/www.plongee-gesma.com\/site\/wp-json\/wp\/v2\/pages\/7133\/revisions"}],"predecessor-version":[{"id":7570,"href":"http:\/\/www.plongee-gesma.com\/site\/wp-json\/wp\/v2\/pages\/7133\/revisions\/7570"}],"up":[{"embeddable":true,"href":"http:\/\/www.plongee-gesma.com\/site\/wp-json\/wp\/v2\/pages\/219"}],"wp:attachment":[{"href":"http:\/\/www.plongee-gesma.com\/site\/wp-json\/wp\/v2\/media?parent=7133"}],"wp:term":[{"taxonomy":"category","embeddable":true,"href":"http:\/\/www.plongee-gesma.com\/site\/wp-json\/wp\/v2\/categories?post=7133"},{"taxonomy":"post_tag","embeddable":true,"href":"http:\/\/www.plongee-gesma.com\/site\/wp-json\/wp\/v2\/tags?post=7133"}],"curies":[{"name":"wp","href":"https:\/\/api.w.org\/{rel}","templated":true}]}}